{"id":89,"date":"2025-01-27T10:06:42","date_gmt":"2025-01-27T09:06:42","guid":{"rendered":"https:\/\/www.demenz-myk.de\/?page_id=89"},"modified":"2026-09-01T10:40:27","modified_gmt":"2026-09-01T08:40:27","slug":"regionale-veranstaltungen","status":"publish","type":"page","link":"https:\/\/www.demenz-myk.de\/index.php\/regionale-veranstaltungen\/","title":{"rendered":"Regionale Veranstaltungen"},"content":{"rendered":"<section class=\"bde-section-89-101 bde-section\">\n  \n  \n\t\n\n\n\n<div class=\"section-container\"><div class=\"bde-rich-text-89-102 bde-rich-text breakdance-rich-text-styles\">\n<h2>Entdecken Sie alle regionalen Veranstaltungen rund um das Thema Demenz \u2013 von Informationsabenden \u00fcber Workshops bis hin zu Schulungen. Hier finden Sie Termine und Angebote in Ihrer N\u00e4he.<\/h2>\n<\/div><div class=\"bde-fancy-divider-89-103 bde-fancy-divider\">\n\n\n<div class=\"bde-fancy-divider__wrapper\">\n  <div class=\"bde-fancy-divider__separator   \">\n  \t  <\/div>\n<\/div>\n\n<\/div><h2 class=\"bde-heading-89-105 bde-heading\">\nNetzwerkfortbildungen f\u00fcr ehrenamtliche und hauptamtliche Betreuungskr\u00e4fte, Pflegekr\u00e4fte, Interessierte:\n<\/h2><div class=\"bde-rich-text-89-104 bde-rich-text breakdance-rich-text-styles\">\n<p><a href=\"https:\/\/www.demenz-myk.de\/wp-content\/uploads\/2025\/01\/2026-04-09_Ausschreibung_Seminar_Demenz_Delir.pdf\">Fortbildung \"Demenz und Delir\"<\/a><br \/>am 09.04.2026 in Mendig<br \/><br \/><a href=\"https:\/\/www.demenz-myk.de\/wp-content\/uploads\/2025\/01\/2026-04-23-Ausschreibung-Schulung-Demenz.pdf\">Schulung \"Umgang mit Menschen mit Demenz\"<\/a><br \/>vom 23.04. bis 11.06.2026 in Mendig<\/p>\n<p><a href=\"https:\/\/www.demenz-myk.de\/wp-content\/uploads\/2025\/01\/2026-10-01_Ausschreibung_Seminar_Basale_Stimulation.pdf\">Fortbildung \"Basale Stimulation\"<\/a><br \/>am 01.10.2026 in Mendig<\/p>\n<p>Fortbildung \"10-Minuten Aktivierung\" (demn\u00e4chst mehr)<br \/>am 19.11.2026 in Mendig<\/p>\n<\/div><div class=\"bde-fancy-divider-89-108 bde-fancy-divider\">\n\n\n<div class=\"bde-fancy-divider__wrapper\">\n  <div class=\"bde-fancy-divider__separator   \">\n  \t  <\/div>\n<\/div>\n\n<\/div><h2 class=\"bde-heading-89-107 bde-heading\">\n\u00d6ffentliche Veranstaltungen f\u00fcr Angeh\u00f6rige, Betroffene und Interessierte:\n<\/h2><div class=\"bde-rich-text-89-106 bde-rich-text breakdance-rich-text-styles\">\n<p><a href=\"https:\/\/www.demenz-myk.de\/wp-content\/uploads\/2025\/01\/2026-03-13_Letzte_Hilfe_Kurs.jpg\">Vortrag \"Letzte Hilfe Kurs\"<\/a><br \/>am 13.03.2026 in Mayen<\/p>\n<p><a href=\"https:\/\/www.demenz-myk.de\/wp-content\/uploads\/2025\/01\/2026-03-31_Theater_Du_bist_meine_Mutter.pdf\">Theater \"Du bist meine Mutter\" - Ein Theaterst\u00fcck zum Thema Demenz<\/a><br \/>am 31.03.2026 in Wei\u00dfenthurm<\/p>\n<p><a href=\"https:\/\/www.demenz-myk.de\/wp-content\/uploads\/2025\/01\/2026-04-01_Wertschaetzende_Kommunikation_und_Umgang_mit-Menschen_mit_Demenz.pdf\">Vortrag \"Wertsch\u00e4tzender Umgang und Kommunikation mit Menschen mit Demenz\"<\/a><br \/>am 01.04.2026 in Plaidt<\/p>\n<p><a href=\"https:\/\/www.demenz-myk.de\/wp-content\/uploads\/2025\/01\/2026-04-13_Chor_Dementi.pdf\">Chor \"Dementi\"<\/a><br \/>am 13.04.2026 in Mendig<\/p>\n<p><a href=\"https:\/\/www.demenz-myk.de\/wp-content\/uploads\/2025\/01\/2026-04-17_Kompaktkurs_Demenz_verstehen.pdf\">Kompaktkurs \"Demenz verstehen\"<\/a><br \/>am 17. und 18.04.2026 in Andernach<\/p>\n<p><a href=\"https:\/\/www.demenz-myk.de\/wp-content\/uploads\/2025\/01\/Plakat_Chor_Dementi_Standart_PDF.pdf\">Chor \"Dementi<\/a>\"<br \/>am 04.05.2026 in Mendig<\/p>\n<p><a href=\"https:\/\/www.demenz-myk.de\/wp-content\/uploads\/2025\/01\/2026-05-13_Workshop_Gedaechtnistraining.pdf\">Workshop \"Ged\u00e4chtnistraining\"<\/a><br \/>am 13.05.2026 in Kruft<\/p>\n<p><a href=\"https:\/\/www.demenz-myk.de\/wp-content\/uploads\/2025\/01\/Plakat_Chor_Dementi_Standart_PDF.pdf\">Chor \"Dementi\"<\/a><br \/>am 01.06.2026 in Mendig<\/p>\n<p><a href=\"https:\/\/www.demenz-myk.de\/wp-content\/uploads\/2025\/01\/2026-06-12_Kompaktkurs_Demenz_Vallendar.pdf\">Kompaktkurs Demenz \"Sicherheit und Leichtigkeit im Pflegealltag\"<\/a><br \/>am 12. und 13.06.2026 in Vallendar<\/p>\n<p><a href=\"https:\/\/www.demenz-myk.de\/wp-content\/uploads\/2025\/01\/2026-06-18_PM_Chor_Dementi_offene_Probe.pdf\">Chor \"Dementi\" - \u00d6ffentliche Probe<\/a><br \/>am 18.06.2026 in Mendig<\/p>\n<p><a href=\"https:\/\/www.demenz-myk.de\/wp-content\/uploads\/2025\/01\/Plakat_Chor_Dementi_Standart_PDF.pdf\">Chor \"Dementi\"<\/a><br \/>am 06.07.2026 in Mendig<\/p>\n<p><a href=\"https:\/\/www.demenz-myk.de\/wp-content\/uploads\/2025\/01\/2026-07-28_PM_Demenz_einfach_erklaert.pdf\">Vortrag \"Demenz einfach erkl\u00e4rt\"<\/a><br \/>am 28.07.2026 in Andernach<\/p>\n<p><a href=\"https:\/\/www.demenz-myk.de\/wp-content\/uploads\/2025\/01\/Plakat_Chor_Dementi_Standart_PDF.pdf\">Chor \"Dementi\"<\/a><br \/>am 03.08.2026 in Mendig<\/p>\n<p><a href=\"https:\/\/www.demenz-myk.de\/wp-content\/uploads\/2025\/01\/2026-08-12_Austellung_DEMENSCH_Weissenthurm.pdf\">Ausstellung DEMENSCH im Rathaus der Verbandsgemeinde Wei\u00dfenthurm<\/a><br \/>vom 12.08. bis 18.09.2026 in Wei\u00dfenthurm<\/p>\n<p><a href=\"https:\/\/www.demenz-myk.de\/wp-content\/uploads\/2025\/01\/2026-08-12_Austellung_DEMENSCH_Weissenthurm.pdf\">Erlebnisworkshop \"Demenz mit Haltung und Humor\"<\/a><br \/>am 20.08.2026 in Wei\u00dfenthurm<\/p>\n<p><a href=\"https:\/\/www.demenz-myk.de\/wp-content\/uploads\/2025\/01\/Plakat_Chor_Dementi_Standart_PDF.pdf\">Chor \"Dementi\"<\/a><br \/>am 07. 09.2026 in Mendig<\/p>\n<p><a href=\"https:\/\/www.demenz-myk.de\/wp-content\/uploads\/2025\/01\/2026-09-08_Demenzpraevention.pdf\">Vortrag \"Demenzpr\u00e4vention\"<\/a><br \/>am 08.09.2026 in Andernach<\/p>\n<p><a href=\"https:\/\/www.demenz-myk.de\/wp-content\/uploads\/2025\/01\/2026-08-12_Austellung_DEMENSCH_Weissenthurm.pdf\">Vortrag \"Demenzpr\u00e4vention\"<\/a><br \/>am 10.09.2026 in Wei\u00dfenthurm<\/p>\n<p><a href=\"https:\/\/www.demenz-myk.de\/wp-content\/uploads\/2025\/01\/2026-09-11_PM_Kompaktkurs_Demenz_verstehen.pdf\">Kompaktkurs \"Demenz verstehen\"<\/a><br \/>am 11. und 12.09.2026 in Mendig<\/p>\n<p><a href=\"https:\/\/www.demenz-myk.de\/wp-content\/uploads\/2025\/01\/2026-09-15_Workshop_Gedaechtnistraining.pdf\">Workshop \"Ged\u00e4chtnistraining\"<\/a><br \/>am 15.09.2026 in Andernach<\/p>\n<p><a href=\"https:\/\/www.demenz-myk.de\/wp-content\/uploads\/2025\/01\/2026-09-21_Kino_Der_verlorene_Mann.pdf\">Programmkino \"Der verlorene Mann\"<\/a><br \/>am 21.09.2026 in Mayen<\/p>\n<p>Ausstellung DEMENSCH im Caritashaus Kl\u00f6sterchen<br \/>vom 21.09. bis 05.10.2026 in Mayen<\/p>\n<p><a href=\"https:\/\/www.demenz-myk.de\/wp-content\/uploads\/2025\/01\/2026-09-25_RMF_Vortrag_MAKS.pdf\">Vortrag \"Demenz bremsen: Die MAKS-Therapie\u00ae im Fokus!\"<\/a><br \/>am 25.09.2026 in Andernach<\/p>\n<p><a href=\"https:\/\/www.demenz-myk.de\/wp-content\/uploads\/2025\/01\/2026-09-29_Workshop_Gedaechtnistraining.pdf\">Workshop \"Ged\u00e4chtnistraining\"<\/a><br \/>am 29.09.2026 in Spay<\/p>\n<p><a href=\"https:\/\/www.demenz-myk.de\/wp-content\/uploads\/2025\/01\/Plakat_Chor_Dementi_Standart_PDF.pdf\">Chor \"Dementi\"<\/a><br \/>am 05.10.2026 in Mendig<\/p>\n<p><a href=\"https:\/\/www.demenz-myk.de\/wp-content\/uploads\/2025\/01\/2026-10-05_Humor_trotzt_Demenz.pdf\">Ausstellung DEMENSCH im Mehrgenerationenhaus St. Matthias<\/a><br \/>vom 05.10. bis 30.10.2026 in Mayen<\/p>\n<p><a href=\"https:\/\/www.demenz-myk.de\/wp-content\/uploads\/2025\/01\/2026-10-05_Humor_trotzt_Demenz.pdf\">Vortrag \"Humor trotz(t) Demenz\"<\/a><br \/>am 05.10.2026 in Mayen<\/p>\n<p><a href=\"https:\/\/www.demenz-myk.de\/wp-content\/uploads\/2025\/01\/2026-10-14_Workshop_Gedaechtnistraining.pdf\">Workshop \"Ged\u00e4chtnistraining\"<\/a><br \/>am 14.10.2026 in Kattenes<\/p>\n<p><a href=\"https:\/\/www.demenz-myk.de\/wp-content\/uploads\/2025\/01\/Plakat_Chor_Dementi_Standart_PDF.pdf\">Chor \"Dementi\"<\/a><br \/>am 02.11.2026 in Mendig<\/p>\n<p><a href=\"https:\/\/www.demenz-myk.de\/wp-content\/uploads\/2025\/01\/2026-11-02_Ausstellung_DEMENSCH_Bendorf.pdf\">Ausstellung DEMENSCH im Seniorenzentrum Vierwindenh\u00f6he<\/a><br \/>vom 02.11. bis 30.11.2026 in Bendorf<br \/><br \/><a href=\"https:\/\/www.demenz-myk.de\/wp-content\/uploads\/2025\/01\/2026-11-02_Ausstellung_DEMENSCH_Bendorf.pdf\">Vortrag \"Humor im Umgang mit Menschen mit Demenz: eine wichtige Ressource\"<\/a><br \/>am 12.11.2026 in Bendorf<\/p>\n<p>\u00a0<\/p>\n<p>\u00a0<\/p>\n<p>(alle Angaben ohne Gew\u00e4hr)<\/p>\n<\/div><\/div>\n<\/section>","protected":false},"excerpt":{"rendered":"<p>Entdecken Sie alle regionalen Veranstaltungen rund um das Thema Demenz \u2013 von Informationsabenden \u00fcber Workshops bis hin zu Schulungen. Hier finden Sie Termine und Angebote in Ihrer N\u00e4he. Netzwerkfortbildungen f\u00fcr ehrenamtliche und hauptamtliche Betreuungskr\u00e4fte, Pflegekr\u00e4fte, Interessierte: Fortbildung &#8222;Demenz und Delir&#8220;am 09.04.2026 in MendigSchulung &#8222;Umgang mit Menschen mit Demenz&#8220;vom 23.04. bis 11.06.2026 in Mendig Fortbildung &#8222;Basale [&hellip;]<\/p>\n","protected":false},"author":1,"featured_media":0,"parent":0,"menu_order":0,"comment_status":"closed","ping_status":"closed","template":"","meta":{"_breakdance_hide_in_design_set":false,"_breakdance_tags":"","footnotes":""},"class_list":["post-89","page","type-page","status-publish","hentry"],"_links":{"self":[{"href":"https:\/\/www.demenz-myk.de\/index.php\/wp-json\/wp\/v2\/pages\/89","targetHints":{"allow":["GET"]}}],"collection":[{"href":"https:\/\/www.demenz-myk.de\/index.php\/wp-json\/wp\/v2\/pages"}],"about":[{"href":"https:\/\/www.demenz-myk.de\/index.php\/wp-json\/wp\/v2\/types\/page"}],"author":[{"embeddable":true,"href":"https:\/\/www.demenz-myk.de\/index.php\/wp-json\/wp\/v2\/users\/1"}],"replies":[{"embeddable":true,"href":"https:\/\/www.demenz-myk.de\/index.php\/wp-json\/wp\/v2\/comments?post=89"}],"version-history":[{"count":80,"href":"https:\/\/www.demenz-myk.de\/index.php\/wp-json\/wp\/v2\/pages\/89\/revisions"}],"predecessor-version":[{"id":562,"href":"https:\/\/www.demenz-myk.de\/index.php\/wp-json\/wp\/v2\/pages\/89\/revisions\/562"}],"wp:attachment":[{"href":"https:\/\/www.demenz-myk.de\/index.php\/wp-json\/wp\/v2\/media?parent=89"}],"curies":[{"name":"wp","href":"https:\/\/api.w.org\/{rel}","templated":true}]}}

<section class="bde-section-89-101 bde-section">
  
  
	



<div class="section-container"><div class="bde-rich-text-89-102 bde-rich-text breakdance-rich-text-styles">
<h2>Entdecken Sie alle regionalen Veranstaltungen rund um das Thema Demenz – von Informationsabenden über Workshops bis hin zu Schulungen. Hier finden Sie Termine und Angebote in Ihrer Nähe.</h2>
</div><div class="bde-fancy-divider-89-103 bde-fancy-divider">


<div class="bde-fancy-divider__wrapper">
  <div class="bde-fancy-divider__separator   ">
  	  </div>
</div>

</div><h2 class="bde-heading-89-105 bde-heading">
Netzwerkfortbildungen für ehrenamtliche und hauptamtliche Betreuungskräfte, Pflegekräfte, Interessierte:
</h2><div class="bde-rich-text-89-104 bde-rich-text breakdance-rich-text-styles">
<p><a href="https://www.demenz-myk.de/wp-content/uploads/2025/01/2026-04-09_Ausschreibung_Seminar_Demenz_Delir.pdf">Fortbildung "Demenz und Delir"</a><br />am 09.04.2026 in Mendig<br /><br /><a href="https://www.demenz-myk.de/wp-content/uploads/2025/01/2026-04-23-Ausschreibung-Schulung-Demenz.pdf">Schulung "Umgang mit Menschen mit Demenz"</a><br />vom 23.04. bis 11.06.2026 in Mendig</p>
<p><a href="https://www.demenz-myk.de/wp-content/uploads/2025/01/2026-10-01_Ausschreibung_Seminar_Basale_Stimulation.pdf">Fortbildung "Basale Stimulation"</a><br />am 01.10.2026 in Mendig</p>
<p>Fortbildung "10-Minuten Aktivierung" (demnächst mehr)<br />am 19.11.2026 in Mendig</p>
</div><div class="bde-fancy-divider-89-108 bde-fancy-divider">


<div class="bde-fancy-divider__wrapper">
  <div class="bde-fancy-divider__separator   ">
  	  </div>
</div>

</div><h2 class="bde-heading-89-107 bde-heading">
Öffentliche Veranstaltungen für Angehörige, Betroffene und Interessierte:
</h2><div class="bde-rich-text-89-106 bde-rich-text breakdance-rich-text-styles">
<p><a href="https://www.demenz-myk.de/wp-content/uploads/2025/01/2026-03-13_Letzte_Hilfe_Kurs.jpg">Vortrag "Letzte Hilfe Kurs"</a><br />am 13.03.2026 in Mayen</p>
<p><a href="https://www.demenz-myk.de/wp-content/uploads/2025/01/2026-03-31_Theater_Du_bist_meine_Mutter.pdf">Theater "Du bist meine Mutter" - Ein Theaterstück zum Thema Demenz</a><br />am 31.03.2026 in Weißenthurm</p>
<p><a href="https://www.demenz-myk.de/wp-content/uploads/2025/01/2026-04-01_Wertschaetzende_Kommunikation_und_Umgang_mit-Menschen_mit_Demenz.pdf">Vortrag "Wertschätzender Umgang und Kommunikation mit Menschen mit Demenz"</a><br />am 01.04.2026 in Plaidt</p>
<p><a href="https://www.demenz-myk.de/wp-content/uploads/2025/01/2026-04-13_Chor_Dementi.pdf">Chor "Dementi"</a><br />am 13.04.2026 in Mendig</p>
<p><a href="https://www.demenz-myk.de/wp-content/uploads/2025/01/2026-04-17_Kompaktkurs_Demenz_verstehen.pdf">Kompaktkurs "Demenz verstehen"</a><br />am 17. und 18.04.2026 in Andernach</p>
<p><a href="https://www.demenz-myk.de/wp-content/uploads/2025/01/Plakat_Chor_Dementi_Standart_PDF.pdf">Chor "Dementi</a>"<br />am 04.05.2026 in Mendig</p>
<p><a href="https://www.demenz-myk.de/wp-content/uploads/2025/01/2026-05-13_Workshop_Gedaechtnistraining.pdf">Workshop "Gedächtnistraining"</a><br />am 13.05.2026 in Kruft</p>
<p><a href="https://www.demenz-myk.de/wp-content/uploads/2025/01/Plakat_Chor_Dementi_Standart_PDF.pdf">Chor "Dementi"</a><br />am 01.06.2026 in Mendig</p>
<p><a href="https://www.demenz-myk.de/wp-content/uploads/2025/01/2026-06-12_Kompaktkurs_Demenz_Vallendar.pdf">Kompaktkurs Demenz "Sicherheit und Leichtigkeit im Pflegealltag"</a><br />am 12. und 13.06.2026 in Vallendar</p>
<p><a href="https://www.demenz-myk.de/wp-content/uploads/2025/01/2026-06-18_PM_Chor_Dementi_offene_Probe.pdf">Chor "Dementi" - Öffentliche Probe</a><br />am 18.06.2026 in Mendig</p>
<p><a href="https://www.demenz-myk.de/wp-content/uploads/2025/01/Plakat_Chor_Dementi_Standart_PDF.pdf">Chor "Dementi"</a><br />am 06.07.2026 in Mendig</p>
<p><a href="https://www.demenz-myk.de/wp-content/uploads/2025/01/2026-07-28_PM_Demenz_einfach_erklaert.pdf">Vortrag "Demenz einfach erklärt"</a><br />am 28.07.2026 in Andernach</p>
<p><a href="https://www.demenz-myk.de/wp-content/uploads/2025/01/Plakat_Chor_Dementi_Standart_PDF.pdf">Chor "Dementi"</a><br />am 03.08.2026 in Mendig</p>
<p><a href="https://www.demenz-myk.de/wp-content/uploads/2025/01/2026-08-12_Austellung_DEMENSCH_Weissenthurm.pdf">Ausstellung DEMENSCH im Rathaus der Verbandsgemeinde Weißenthurm</a><br />vom 12.08. bis 18.09.2026 in Weißenthurm</p>
<p><a href="https://www.demenz-myk.de/wp-content/uploads/2025/01/2026-08-12_Austellung_DEMENSCH_Weissenthurm.pdf">Erlebnisworkshop "Demenz mit Haltung und Humor"</a><br />am 20.08.2026 in Weißenthurm</p>
<p><a href="https://www.demenz-myk.de/wp-content/uploads/2025/01/Plakat_Chor_Dementi_Standart_PDF.pdf">Chor "Dementi"</a><br />am 07. 09.2026 in Mendig</p>
<p><a href="https://www.demenz-myk.de/wp-content/uploads/2025/01/2026-09-08_Demenzpraevention.pdf">Vortrag "Demenzprävention"</a><br />am 08.09.2026 in Andernach</p>
<p><a href="https://www.demenz-myk.de/wp-content/uploads/2025/01/2026-08-12_Austellung_DEMENSCH_Weissenthurm.pdf">Vortrag "Demenzprävention"</a><br />am 10.09.2026 in Weißenthurm</p>
<p><a href="https://www.demenz-myk.de/wp-content/uploads/2025/01/2026-09-11_PM_Kompaktkurs_Demenz_verstehen.pdf">Kompaktkurs "Demenz verstehen"</a><br />am 11. und 12.09.2026 in Mendig</p>
<p><a href="https://www.demenz-myk.de/wp-content/uploads/2025/01/2026-09-15_Workshop_Gedaechtnistraining.pdf">Workshop "Gedächtnistraining"</a><br />am 15.09.2026 in Andernach</p>
<p><a href="https://www.demenz-myk.de/wp-content/uploads/2025/01/2026-09-21_Kino_Der_verlorene_Mann.pdf">Programmkino "Der verlorene Mann"</a><br />am 21.09.2026 in Mayen</p>
<p>Ausstellung DEMENSCH im Caritashaus Klösterchen<br />vom 21.09. bis 05.10.2026 in Mayen</p>
<p><a href="https://www.demenz-myk.de/wp-content/uploads/2025/01/2026-09-25_RMF_Vortrag_MAKS.pdf">Vortrag "Demenz bremsen: Die MAKS-Therapie® im Fokus!"</a><br />am 25.09.2026 in Andernach</p>
<p><a href="https://www.demenz-myk.de/wp-content/uploads/2025/01/2026-09-29_Workshop_Gedaechtnistraining.pdf">Workshop "Gedächtnistraining"</a><br />am 29.09.2026 in Spay</p>
<p><a href="https://www.demenz-myk.de/wp-content/uploads/2025/01/Plakat_Chor_Dementi_Standart_PDF.pdf">Chor "Dementi"</a><br />am 05.10.2026 in Mendig</p>
<p><a href="https://www.demenz-myk.de/wp-content/uploads/2025/01/2026-10-05_Humor_trotzt_Demenz.pdf">Ausstellung DEMENSCH im Mehrgenerationenhaus St. Matthias</a><br />vom 05.10. bis 30.10.2026 in Mayen</p>
<p><a href="https://www.demenz-myk.de/wp-content/uploads/2025/01/2026-10-05_Humor_trotzt_Demenz.pdf">Vortrag "Humor trotz(t) Demenz"</a><br />am 05.10.2026 in Mayen</p>
<p><a href="https://www.demenz-myk.de/wp-content/uploads/2025/01/2026-10-14_Workshop_Gedaechtnistraining.pdf">Workshop "Gedächtnistraining"</a><br />am 14.10.2026 in Kattenes</p>
<p><a href="https://www.demenz-myk.de/wp-content/uploads/2025/01/Plakat_Chor_Dementi_Standart_PDF.pdf">Chor "Dementi"</a><br />am 02.11.2026 in Mendig</p>
<p><a href="https://www.demenz-myk.de/wp-content/uploads/2025/01/2026-11-02_Ausstellung_DEMENSCH_Bendorf.pdf">Ausstellung DEMENSCH im Seniorenzentrum Vierwindenhöhe</a><br />vom 02.11. bis 30.11.2026 in Bendorf<br /><br /><a href="https://www.demenz-myk.de/wp-content/uploads/2025/01/2026-11-02_Ausstellung_DEMENSCH_Bendorf.pdf">Vortrag "Humor im Umgang mit Menschen mit Demenz: eine wichtige Ressource"</a><br />am 12.11.2026 in Bendorf</p>
<p> </p>
<p> </p>
<p>(alle Angaben ohne Gewähr)</p>
</div></div>
</section>

<p>Entdecken Sie alle regionalen Veranstaltungen rund um das Thema Demenz – von Informationsabenden über Workshops bis hin zu Schulungen. Hier finden Sie Termine und Angebote in Ihrer Nähe. Netzwerkfortbildungen für ehrenamtliche und hauptamtliche Betreuungskräfte, Pflegekräfte, Interessierte: Fortbildung &#8222;Demenz und Delir&#8220;am 09.04.2026 in MendigSchulung &#8222;Umgang mit Menschen mit Demenz&#8220;vom 23.04. bis 11.06.2026 in Mendig Fortbildung &#8222;Basale [&hellip;]</p>
